{"id":153,"date":"2025-06-06T17:06:28","date_gmt":"2025-06-06T17:06:28","guid":{"rendered":"https:\/\/einfachmonaa.ch\/?page_id=153"},"modified":"2025-10-24T16:13:39","modified_gmt":"2025-10-24T16:13:39","slug":"aetherische-oel-abc","status":"publish","type":"page","link":"https:\/\/einfachmonaa.ch\/?page_id=153","title":{"rendered":"\u00c4therische \u00d6l-ABC"},"content":{"rendered":"\t\t<div data-elementor-type=\"wp-page\" data-elementor-id=\"153\" class=\"elementor elementor-153\">\n\t\t\t\t<div class=\"elementor-element elementor-element-dd170fe e-flex e-con-boxed e-con e-parent\" data-id=\"dd170fe\" data-element_type=\"container\">\n\t\t\t\t\t<div class=\"e-con-inner\">\n\t\t\t\t<div class=\"elementor-element elementor-element-9012720 elementor-widget elementor-widget-heading\" data-id=\"9012720\" data-element_type=\"widget\" data-widget_type=\"heading.default\">\n\t\t\t\t<div class=\"elementor-widget-container\">\n\t\t\t\t\t<h2 class=\"elementor-heading-title elementor-size-default\">\u00c4therische \u00d6le von A bis Z<\/h2>\t\t\t\t<\/div>\n\t\t\t\t<\/div>\n\t\t\t\t\t<\/div>\n\t\t\t\t<\/div>\n\t\t<div class=\"elementor-element elementor-element-e9cbc94 e-flex e-con-boxed e-con e-parent\" data-id=\"e9cbc94\" data-element_type=\"container\">\n\t\t\t\t\t<div class=\"e-con-inner\">\n\t\t\t\t<div class=\"elementor-element elementor-element-b64cf91 elementor-widget elementor-widget-text-editor\" data-id=\"b64cf91\" data-element_type=\"widget\" data-widget_type=\"text-editor.default\">\n\t\t\t\t<div class=\"elementor-widget-container\">\n\t\t\t\t\t\t\t\t\t<p>Entdecke die Welt der \u00e4therischen \u00d6le &#8211; Die<span style=\"font-style: inherit; font-weight: inherit;\">\u00a0\u00d6le sind vielseitige Helfer im Alltag. Hier findest du kompakte Infos zu Wirkung und Anwendung der wichtigsten \u00d6le. <br \/><\/span><em><span style=\"font-weight: inherit;\">Diese Seite wird laufend erweitert.<\/span><\/em><\/p>\t\t\t\t\t\t\t\t<\/div>\n\t\t\t\t<\/div>\n\t\t\t\t\t<\/div>\n\t\t\t\t<\/div>\n\t\t<div class=\"elementor-element elementor-element-f7eec3c e-flex e-con-boxed e-con e-parent\" data-id=\"f7eec3c\" data-element_type=\"container\">\n\t\t\t\t\t<div class=\"e-con-inner\">\n\t\t<div class=\"elementor-element elementor-element-c45643c e-con-full e-flex e-con e-child\" data-id=\"c45643c\" data-element_type=\"container\">\n\t\t\t\t<div class=\"elementor-element elementor-element-742d935 elementor-widget elementor-widget-spacer\" data-id=\"742d935\" data-element_type=\"widget\" data-widget_type=\"spacer.default\">\n\t\t\t\t<div class=\"elementor-widget-container\">\n\t\t\t\t\t\t\t<div class=\"elementor-spacer\">\n\t\t\t<div class=\"elementor-spacer-inner\"><\/div>\n\t\t<\/div>\n\t\t\t\t\t\t<\/div>\n\t\t\t\t<\/div>\n\t\t\t\t<div class=\"elementor-element elementor-element-ad78764 elementor-widget elementor-widget-image\" data-id=\"ad78764\" data-element_type=\"widget\" data-widget_type=\"image.default\">\n\t\t\t\t<div class=\"elementor-widget-container\">\n\t\t\t\t\t\t\t\t\t\t\t\t\t\t\t\t<a href=\"https:\/\/einfachmonaa.ch\/wp-content\/uploads\/2025\/06\/ACS_0830-52492-2.jpg\" data-elementor-open-lightbox=\"yes\" data-elementor-lightbox-title=\"ACS_0830-52492 (2)\" data-e-action-hash=\"#elementor-action%3Aaction%3Dlightbox%26settings%3DeyJpZCI6MTU5LCJ1cmwiOiJodHRwczpcL1wvZWluZmFjaG1vbmFhLmNoXC93cC1jb250ZW50XC91cGxvYWRzXC8yMDI1XC8wNlwvQUNTXzA4MzAtNTI0OTItMi5qcGcifQ%3D%3D\">\n\t\t\t\t\t\t\t<img decoding=\"async\" width=\"150\" height=\"150\" src=\"https:\/\/einfachmonaa.ch\/wp-content\/uploads\/2025\/06\/ACS_0830-52492-2-150x150.jpg\" class=\"attachment-thumbnail size-thumbnail wp-image-159\" alt=\"\" \/>\t\t\t\t\t\t\t\t<\/a>\n\t\t\t\t\t\t\t\t\t\t\t\t\t\t\t<\/div>\n\t\t\t\t<\/div>\n\t\t\t\t<\/div>\n\t\t<div class=\"elementor-element elementor-element-0afa9c7 e-con-full e-flex e-con e-child\" data-id=\"0afa9c7\" data-element_type=\"container\">\n\t\t\t\t<div class=\"elementor-element elementor-element-4c955cb elementor-widget__width-initial elementor-widget elementor-widget-heading\" data-id=\"4c955cb\" data-element_type=\"widget\" data-widget_type=\"heading.default\">\n\t\t\t\t<div class=\"elementor-widget-container\">\n\t\t\t\t\t<h4 class=\"elementor-heading-title elementor-size-default\">Lemon (Zitrone)<\/h4>\t\t\t\t<\/div>\n\t\t\t\t<\/div>\n\t\t\t\t<div class=\"elementor-element elementor-element-383a9aa elementor-widget elementor-widget-text-editor\" data-id=\"383a9aa\" data-element_type=\"widget\" data-widget_type=\"text-editor.default\">\n\t\t\t\t<div class=\"elementor-widget-container\">\n\t\t\t\t\t\t\t\t\t<p>Das angenehme Aroma des Zitronen\u00f6ls regt den Geist an und beg\u00fcnstigt die Konzentration. Die Zitrone kann den K\u00f6rper unterst\u00fctzen, erzielt aber ihre gr\u00f6ssten Effekte auf der mentalen Ebene.<\/p><p>Die Zitrone ist auch eine wundervolle Unterst\u00fctzung f\u00fcr die Kinder. Sie bek\u00e4mpft die geistige Erm\u00fcdung bei intensivem Lernen.<\/p><p>Ebenfalls gibt die Zitrone uns Energie, vertreibt\u00a0Verwirrung und hilft Klarheit zu schaffe<\/p>\t\t\t\t\t\t\t\t<\/div>\n\t\t\t\t<\/div>\n\t\t\t\t<\/div>\n\t\t<div class=\"elementor-element elementor-element-c212f10 e-con-full e-flex e-con e-child\" data-id=\"c212f10\" data-element_type=\"container\">\n\t\t\t\t<div class=\"elementor-element elementor-element-c5eb985 elementor-widget elementor-widget-heading\" data-id=\"c5eb985\" data-element_type=\"widget\" data-widget_type=\"heading.default\">\n\t\t\t\t<div class=\"elementor-widget-container\">\n\t\t\t\t\t<h3 class=\"elementor-heading-title elementor-size-default\">Anwendungsbeispiele<\/h3>\t\t\t\t<\/div>\n\t\t\t\t<\/div>\n\t\t\t\t<div class=\"elementor-element elementor-element-beefcf2 elementor-widget elementor-widget-text-editor\" data-id=\"beefcf2\" data-element_type=\"widget\" data-widget_type=\"text-editor.default\">\n\t\t\t\t<div class=\"elementor-widget-container\">\n\t\t\t\t\t\t\t\t\t<ul><li>1-2 Tropfen ins Wasser geben und am Morgen trinken um den Stoffwechsel anzuregen<\/li><li>Wirkungsvolle Erg\u00e4nzung zu Haushaltsreiniger<\/li><li>In den Diffuser geben bei geistiger Anstrengung wie Lernen oder konzentriertes Arbeitet<\/li><\/ul>\t\t\t\t\t\t\t\t<\/div>\n\t\t\t\t<\/div>\n\t\t\t\t<\/div>\n\t\t<div class=\"elementor-element elementor-element-71cd577 e-con-full e-flex e-con e-child\" data-id=\"71cd577\" data-element_type=\"container\">\n\t\t\t\t<div class=\"elementor-element elementor-element-d67ab74 elementor-widget elementor-widget-spacer\" data-id=\"d67ab74\" data-element_type=\"widget\" data-widget_type=\"spacer.default\">\n\t\t\t\t<div class=\"elementor-widget-container\">\n\t\t\t\t\t\t\t<div class=\"elementor-spacer\">\n\t\t\t<div class=\"elementor-spacer-inner\"><\/div>\n\t\t<\/div>\n\t\t\t\t\t\t<\/div>\n\t\t\t\t<\/div>\n\t\t\t\t<div class=\"elementor-element elementor-element-0bb0f0a elementor-widget elementor-widget-image\" data-id=\"0bb0f0a\" data-element_type=\"widget\" data-widget_type=\"image.default\">\n\t\t\t\t<div class=\"elementor-widget-container\">\n\t\t\t\t\t\t\t\t\t\t\t\t\t\t\t\t<a href=\"https:\/\/einfachmonaa.ch\/wp-content\/uploads\/2025\/06\/lavender-oil-on-wood-305-222490.png\" data-elementor-open-lightbox=\"yes\" data-elementor-lightbox-title=\"lavender oil on wood-305-222490\" data-e-action-hash=\"#elementor-action%3Aaction%3Dlightbox%26settings%3DeyJpZCI6MTYwLCJ1cmwiOiJodHRwczpcL1wvZWluZmFjaG1vbmFhLmNoXC93cC1jb250ZW50XC91cGxvYWRzXC8yMDI1XC8wNlwvbGF2ZW5kZXItb2lsLW9uLXdvb2QtMzA1LTIyMjQ5MC5wbmcifQ%3D%3D\">\n\t\t\t\t\t\t\t<img decoding=\"async\" width=\"150\" height=\"150\" src=\"https:\/\/einfachmonaa.ch\/wp-content\/uploads\/2025\/06\/lavender-oil-on-wood-305-222490-150x150.png\" class=\"attachment-thumbnail size-thumbnail wp-image-160\" alt=\"\" srcset=\"https:\/\/einfachmonaa.ch\/wp-content\/uploads\/2025\/06\/lavender-oil-on-wood-305-222490-150x150.png 150w, https:\/\/einfachmonaa.ch\/wp-content\/uploads\/2025\/06\/lavender-oil-on-wood-305-222490-300x300.png 300w, https:\/\/einfachmonaa.ch\/wp-content\/uploads\/2025\/06\/lavender-oil-on-wood-305-222490-1024x1024.png 1024w, https:\/\/einfachmonaa.ch\/wp-content\/uploads\/2025\/06\/lavender-oil-on-wood-305-222490-768x768.png 768w, https:\/\/einfachmonaa.ch\/wp-content\/uploads\/2025\/06\/lavender-oil-on-wood-305-222490.png 1080w\" sizes=\"(max-width: 150px) 100vw, 150px\" \/>\t\t\t\t\t\t\t\t<\/a>\n\t\t\t\t\t\t\t\t\t\t\t\t\t\t\t<\/div>\n\t\t\t\t<\/div>\n\t\t\t\t<\/div>\n\t\t<div class=\"elementor-element elementor-element-37af549 e-con-full e-flex e-con e-child\" data-id=\"37af549\" data-element_type=\"container\">\n\t\t\t\t<div class=\"elementor-element elementor-element-13e94b4 elementor-widget elementor-widget-heading\" data-id=\"13e94b4\" data-element_type=\"widget\" data-widget_type=\"heading.default\">\n\t\t\t\t<div class=\"elementor-widget-container\">\n\t\t\t\t\t<h3 class=\"elementor-heading-title elementor-size-default\">Lavender (Lavendel)<\/h3>\t\t\t\t<\/div>\n\t\t\t\t<\/div>\n\t\t\t\t<div class=\"elementor-element elementor-element-d552bc2 elementor-widget elementor-widget-text-editor\" data-id=\"d552bc2\" data-element_type=\"widget\" data-widget_type=\"text-editor.default\">\n\t\t\t\t<div class=\"elementor-widget-container\">\n\t\t\t\t\t\t\t\t\t<p>Das Lavendel-\u00d6l hilft dir dabei dich verbal auszudr\u00fccken und deinen Geist zu beruhigen.<\/p><p>Lavendel hilft dir zur emotionalen Aufrichtigkeit und dass du deine innersten Gedanken und W\u00fcnschen aussprechen kannst. Durch den mutigen Geist des Lavendels kannst du Freiheit gewinnen und dein wahres Selbst mit anderen zu teilen.<\/p><p>Ebenfalls hilft Lavendel Spannungen und Einengungen loszulassen. Es f\u00f6rdert die Gef\u00fchle von Ruhe und Entspannung und hilft somit f\u00fcr einen guten, tiefen Schlaf.<\/p>\t\t\t\t\t\t\t\t<\/div>\n\t\t\t\t<\/div>\n\t\t\t\t<\/div>\n\t\t<div class=\"elementor-element elementor-element-4d19ad7 e-con-full e-flex e-con e-child\" data-id=\"4d19ad7\" data-element_type=\"container\">\n\t\t\t\t<div class=\"elementor-element elementor-element-0855db2 elementor-widget elementor-widget-heading\" data-id=\"0855db2\" data-element_type=\"widget\" data-widget_type=\"heading.default\">\n\t\t\t\t<div class=\"elementor-widget-container\">\n\t\t\t\t\t<h3 class=\"elementor-heading-title elementor-size-default\">Anwendungsbeispiele<\/h3>\t\t\t\t<\/div>\n\t\t\t\t<\/div>\n\t\t\t\t<div class=\"elementor-element elementor-element-995465f elementor-widget elementor-widget-text-editor\" data-id=\"995465f\" data-element_type=\"widget\" data-widget_type=\"text-editor.default\">\n\t\t\t\t<div class=\"elementor-widget-container\">\n\t\t\t\t\t\t\t\t\t<ul><li>Trage es vor dem Schlafengehen auf deine Fusssohle auf und reise so entspannt ins Land der Tr\u00e4ume<\/li><li>Gebe es in den Diffuser um eine entspannte Atmosph\u00e4re zu beg\u00fcnstigen<\/li><li>Reibe deine H\u00e4nde mit Lavendel ein, bevor du deinem Kind die Gute-Nacht-Geschichte vorliest. So f\u00e4hrt es bereits innerlich langsam herunter und kann dann entspannt einschlafen<\/li><\/ul>\t\t\t\t\t\t\t\t<\/div>\n\t\t\t\t<\/div>\n\t\t\t\t<\/div>\n\t\t\t\t\t<\/div>\n\t\t\t\t<\/div>\n\t\t<div class=\"elementor-element elementor-element-ea2b76c e-flex e-con-boxed e-con e-parent\" data-id=\"ea2b76c\" data-element_type=\"container\">\n\t\t\t\t\t<div class=\"e-con-inner\">\n\t\t<div class=\"elementor-element elementor-element-c3e18bf e-con-full e-flex e-con e-child\" data-id=\"c3e18bf\" data-element_type=\"container\">\n\t\t\t\t<div class=\"elementor-element elementor-element-2f83e57 elementor-widget elementor-widget-spacer\" data-id=\"2f83e57\" data-element_type=\"widget\" data-widget_type=\"spacer.default\">\n\t\t\t\t<div class=\"elementor-widget-container\">\n\t\t\t\t\t\t\t<div class=\"elementor-spacer\">\n\t\t\t<div class=\"elementor-spacer-inner\"><\/div>\n\t\t<\/div>\n\t\t\t\t\t\t<\/div>\n\t\t\t\t<\/div>\n\t\t\t\t<div class=\"elementor-element elementor-element-19cc9fa elementor-widget elementor-widget-image\" data-id=\"19cc9fa\" data-element_type=\"widget\" data-widget_type=\"image.default\">\n\t\t\t\t<div class=\"elementor-widget-container\">\n\t\t\t\t\t\t\t\t\t\t\t\t\t\t\t\t<a href=\"https:\/\/einfachmonaa.ch\/wp-content\/uploads\/2025\/06\/roman-chamomille-117485-scaled.jpg\" data-elementor-open-lightbox=\"yes\" data-elementor-lightbox-title=\"roman chamomille-117485\" data-e-action-hash=\"#elementor-action%3Aaction%3Dlightbox%26settings%3DeyJpZCI6MTYxLCJ1cmwiOiJodHRwczpcL1wvZWluZmFjaG1vbmFhLmNoXC93cC1jb250ZW50XC91cGxvYWRzXC8yMDI1XC8wNlwvcm9tYW4tY2hhbW9taWxsZS0xMTc0ODUtc2NhbGVkLmpwZyJ9\">\n\t\t\t\t\t\t\t<img decoding=\"async\" width=\"150\" height=\"150\" src=\"https:\/\/einfachmonaa.ch\/wp-content\/uploads\/2025\/06\/roman-chamomille-117485-150x150.jpg\" class=\"attachment-thumbnail size-thumbnail wp-image-161\" alt=\"\" \/>\t\t\t\t\t\t\t\t<\/a>\n\t\t\t\t\t\t\t\t\t\t\t\t\t\t\t<\/div>\n\t\t\t\t<\/div>\n\t\t\t\t<\/div>\n\t\t<div class=\"elementor-element elementor-element-6826fe8 e-con-full e-flex e-con e-child\" data-id=\"6826fe8\" data-element_type=\"container\">\n\t\t\t\t<div class=\"elementor-element elementor-element-7ae76f7 elementor-widget elementor-widget-heading\" data-id=\"7ae76f7\" data-element_type=\"widget\" data-widget_type=\"heading.default\">\n\t\t\t\t<div class=\"elementor-widget-container\">\n\t\t\t\t\t<h3 class=\"elementor-heading-title elementor-size-default\">Roman Chamomile (R\u00f6mische Kamille)<\/h3>\t\t\t\t<\/div>\n\t\t\t\t<\/div>\n\t\t\t\t<div class=\"elementor-element elementor-element-547547e elementor-widget elementor-widget-text-editor\" data-id=\"547547e\" data-element_type=\"widget\" data-widget_type=\"text-editor.default\">\n\t\t\t\t<div class=\"elementor-widget-container\">\n\t\t\t\t\t\t\t\t\t<p>Die R\u00f6mische Kamille w\u00e4chst bodennah und wird h\u00f6chstens einen Meter hoch. Sie erinnert an ein G\u00e4nsebl\u00fcmchen und riecht nach Apfel.<\/p><p>Die alten R\u00f6mer benutzten das \u00d6l der R\u00f6mischen Kamille, um sich vor einem Krieg Mut zu machen.<\/p><p>Am h\u00e4ufigsten wird die Kamille zweifellos f\u00fcr Tee verwendet. Man findet sie jedoch auch in Gesichtscremes, Haarf\u00e4rbemitteln, Shampoos und Parf\u00fcms.<\/p><p>Die beruhigende Wirkung dieses \u00e4therischen \u00d6ls\u00a0 kommt auch der Haut und dem K\u00f6rper zugute und ist ein wertvolles Produkt f\u00fcr Kinder.<\/p>\t\t\t\t\t\t\t\t<\/div>\n\t\t\t\t<\/div>\n\t\t\t\t<\/div>\n\t\t<div class=\"elementor-element elementor-element-5c044be e-con-full e-flex e-con e-child\" data-id=\"5c044be\" data-element_type=\"container\">\n\t\t\t\t<div class=\"elementor-element elementor-element-f000f64 elementor-widget elementor-widget-heading\" data-id=\"f000f64\" data-element_type=\"widget\" data-widget_type=\"heading.default\">\n\t\t\t\t<div class=\"elementor-widget-container\">\n\t\t\t\t\t<h3 class=\"elementor-heading-title elementor-size-default\">Anwendungsbeispiele<\/h3>\t\t\t\t<\/div>\n\t\t\t\t<\/div>\n\t\t\t\t<div class=\"elementor-element elementor-element-4024c48 elementor-widget elementor-widget-text-editor\" data-id=\"4024c48\" data-element_type=\"widget\" data-widget_type=\"text-editor.default\">\n\t\t\t\t<div class=\"elementor-widget-container\">\n\t\t\t\t\t\t\t\t\t<ul><li>Hat dein kleiner Schatz (oder du) Bauchthemen? Dann massiere es sanft in den Bauch ein<\/li><li>Bei M\u00fcckenstichen oder kleinen Hautirritationen auftragen &amp; das Jucken verschwindet<\/li><li>\u00dcbrigens auch ein toller Pflanzen-Booster. gebe einfach ein paar Tropfen ins Giesswasser<\/li><\/ul>\t\t\t\t\t\t\t\t<\/div>\n\t\t\t\t<\/div>\n\t\t\t\t<\/div>\n\t\t<div class=\"elementor-element elementor-element-797e009 e-con-full e-flex e-con e-child\" data-id=\"797e009\" data-element_type=\"container\">\n\t\t\t\t<\/div>\n\t\t<div class=\"elementor-element elementor-element-423668c e-con-full e-flex e-con e-child\" data-id=\"423668c\" data-element_type=\"container\">\n\t\t\t\t<\/div>\n\t\t<div class=\"elementor-element elementor-element-2112de3 e-con-full e-flex e-con e-child\" data-id=\"2112de3\" data-element_type=\"container\">\n\t\t\t\t<\/div>\n\t\t\t\t\t<\/div>\n\t\t\t\t<\/div>\n\t\t\t\t<\/div>\n\t\t","protected":false},"excerpt":{"rendered":"<p>\u00c4therische \u00d6le von A bis Z Entdecke die Welt der \u00e4therischen \u00d6le &#8211; Die\u00a0\u00d6le sind vielseitige Helfer im Alltag. Hier [&hellip;]<\/p>\n","protected":false},"author":1,"featured_media":0,"parent":0,"menu_order":0,"comment_status":"closed","ping_status":"closed","template":"","meta":{"site-sidebar-layout":"no-sidebar","site-content-layout":"","ast-site-content-layout":"full-width-container","site-content-style":"default","site-sidebar-style":"default","ast-global-header-display":"","ast-banner-title-visibility":"","ast-main-header-display":"","ast-hfb-above-header-display":"","ast-hfb-below-header-display":"","ast-hfb-mobile-header-display":"","site-post-title":"disabled","ast-breadcrumbs-content":"","ast-featured-img":"disabled","footer-sml-layout":"","theme-transparent-header-meta":"","adv-header-id-meta":"","stick-header-meta":"","header-above-stick-meta":"","header-main-stick-meta":"","header-below-stick-meta":"","astra-migrate-meta-layouts":"default","ast-page-background-enabled":"default","ast-page-background-meta":{"desktop":{"background-color":"var(--ast-global-color-5)","background-image":"","background-repeat":"repeat","background-position":"center center","background-size":"auto","background-attachment":"scroll","background-type":"","background-media":"","overlay-type":"","overlay-color":"","overlay-opacity":"","overlay-gradient":""},"tablet":{"background-color":"","background-image":"","background-repeat":"repeat","background-position":"center center","background-size":"auto","background-attachment":"scroll","background-type":"","background-media":"","overlay-type":"","overlay-color":"","overlay-opacity":"","overlay-gradient":""},"mobile":{"background-color":"","background-image":"","background-repeat":"repeat","background-position":"center center","background-size":"auto","background-attachment":"scroll","background-type":"","background-media":"","overlay-type":"","overlay-color":"","overlay-opacity":"","overlay-gradient":""}},"ast-content-background-meta":{"desktop":{"background-color":"var(--ast-global-color-4)","background-image":"","background-repeat":"repeat","background-position":"center center","background-size":"auto","background-attachment":"scroll","background-type":"","background-media":"","overlay-type":"","overlay-color":"","overlay-opacity":"","overlay-gradient":""},"tablet":{"background-color":"var(--ast-global-color-4)","background-image":"","background-repeat":"repeat","background-position":"center center","background-size":"auto","background-attachment":"scroll","background-type":"","background-media":"","overlay-type":"","overlay-color":"","overlay-opacity":"","overlay-gradient":""},"mobile":{"background-color":"var(--ast-global-color-4)","background-image":"","background-repeat":"repeat","background-position":"center center","background-size":"auto","background-attachment":"scroll","background-type":"","background-media":"","overlay-type":"","overlay-color":"","overlay-opacity":"","overlay-gradient":""}},"footnotes":""},"class_list":["post-153","page","type-page","status-publish","hentry"],"_links":{"self":[{"href":"https:\/\/einfachmonaa.ch\/index.php?rest_route=\/wp\/v2\/pages\/153","targetHints":{"allow":["GET"]}}],"collection":[{"href":"https:\/\/einfachmonaa.ch\/index.php?rest_route=\/wp\/v2\/pages"}],"about":[{"href":"https:\/\/einfachmonaa.ch\/index.php?rest_route=\/wp\/v2\/types\/page"}],"author":[{"embeddable":true,"href":"https:\/\/einfachmonaa.ch\/index.php?rest_route=\/wp\/v2\/users\/1"}],"replies":[{"embeddable":true,"href":"https:\/\/einfachmonaa.ch\/index.php?rest_route=%2Fwp%2Fv2%2Fcomments&post=153"}],"version-history":[{"count":7,"href":"https:\/\/einfachmonaa.ch\/index.php?rest_route=\/wp\/v2\/pages\/153\/revisions"}],"predecessor-version":[{"id":209,"href":"https:\/\/einfachmonaa.ch\/index.php?rest_route=\/wp\/v2\/pages\/153\/revisions\/209"}],"wp:attachment":[{"href":"https:\/\/einfachmonaa.ch\/index.php?rest_route=%2Fwp%2Fv2%2Fmedia&parent=153"}],"curies":[{"name":"wp","href":"https:\/\/api.w.org\/{rel}","templated":true}]}}